 10540757.
10540757
List the prime factors of 2353334.
2, 31, 37957
What are the prime factors of 1173677?
37, 31721
List the prime factors of 406518.
2, 3, 7, 9679
List the prime factors of 7303274.
2, 11, 331967
List the prime factors of 1604125.
5, 41, 313
What are the prime factors of 2554517?
7, 37, 1409
List the prime factors of 263051.
23, 11437
What are the prime factors of 17997?
3, 7, 857
List the prime factors of 2528609.
137, 18457
What are the prime factors of 16392900?
2, 3, 5, 53, 1031
What are the prime factors of 4089204?
2, 3, 7, 601
List the prime factors of 2779954.
2, 1171, 1187
What are the prime factors of 6234876?
2, 3, 173191
List the prime factors of 3224874.
2, 3, 109, 4931
List the prime factors of 9153.
3, 113
List the prime factors of 123467.
311, 397
What are the prime factors of 1993414?
2, 281, 3547
What are the prime factors of 883782?
2, 3, 37, 1327
List the prime factors of 2318032.
2, 23, 6299
What are the prime factors of 111991?
11, 10181
What are the prime factors of 348979?
23, 15173
List the prime factors of 72151.
23, 3137
List the prime factors of 1206171.
3, 14891
List the prime factors of 475412.
2, 7, 16979
What are the prime factors of 14729306?
2, 43, 171271
What are the prime factors of 465174?
2, 3, 43, 601
List the prime factors of 2568240.
2, 3, 5, 29, 41
List the prime factors of 3508752.
2, 3, 13, 5623
What are the prime factors of 103202?
2, 11, 4691
What are the prime factors of 96043?
96043
What are the prime factors of 930164?
2, 19, 12239
List the prime factors of 894067.
894067
List the prime factors of 5325837.
3, 11, 199, 811
What are the prime factors of 329199?
3, 13, 23, 367
List the prime factors of 39885319.
39885319
What are the prime factors of 318021?
3, 11, 23, 419
List the prime factors of 15174366.
2, 3, 29, 37, 2357
What are the prime factors of 11132235?
3, 5, 27487
List the prime factors of 7311750.
2, 3, 5, 9749
What are the prime factors of 16468536?
2, 3, 7, 61, 1607
What are the prime factors of 173028?
2, 3, 14419
List the prime factors of 194867.
194867
What are the prime factors of 250640?
2, 5, 13, 241
What are the prime factors of 1285459?
7, 183637
What are the prime factors of 344115?
3, 5, 2549
What are the prime factors of 19373972?
2, 29, 167017
List the prime factors of 61466.
2, 73, 421
What are the prime factors of 1783926?
2, 3, 23, 31, 139
List the prime factors of 254619.
3, 19, 1489
What are the prime factors of 12950217?
3, 7, 205559
List the prime factors of 9825623.
23, 83, 5147
List the prime factors of 9706019.
79, 122861
List the prime factors of 16692681.
3, 1901, 2927
What are the prime factors of 2862766?
2, 17, 84199
What are the prime factors of 5446225?
5, 217849
What are the prime factors of 4335338?
2, 7, 309667
What are the prime factors of 450979?
29, 15551
What are the prime factors of 264076?
2, 107, 617
List the prime factors of 106397.
106397
What are the prime factors of 605906?
2, 7, 113, 383
What are the prime factors of 411667?
411667
List the prime factors of 419856.
2, 3, 8747
What are the prime factors of 2593714?
2, 53, 24469
List the prime factors of 455542.
2, 43, 5297
What are the prime factors of 6574550?
2, 5, 23, 5717
What are the prime factors of 20183443?
7, 23, 17909
List the prime factors of 218578.
2, 293, 373
List the prime factors of 67776.
2, 3, 353
What are the prime factors of 3582844?
2, 821, 1091
What are the prime factors of 1879569?
3, 97, 2153
List the prime factors of 166462.
2, 83231
List the prime factors of 100931.
100931
What are the prime factors of 35665091?
7, 11, 66169
What are the prime factors of 1093296?
2, 3, 22777
What are the prime factors of 2049039?
3, 227671
List the prime factors of 133478.
2, 66739
List the prime factors of 746623.
17, 37, 1187
What are the prime factors of 20838?
2, 3, 23, 151
What are the prime factors of 447562?
2, 223781
List the prime factors of 542931.
3, 137, 1321
What are the prime factors of 2206321?
13, 23, 47, 157
What are the prime factors of 5935679?
23, 421, 613
List the prime factors of 421453.
421453
What are the prime factors of 966690?
2, 3, 5, 23, 467
What are the prime factors of 12083021?
12083021
List the prime factors of 3349198.
2, 1674599
What are the prime factors of 9014?
2, 4507
List the prime factors of 10351914.
2, 3, 241, 7159
List the prime factors of 7595976.
2, 3, 316499
List the prime factors of 402813.
3, 4973
What are the prime factors of 21926367?
3, 383, 6361
What are the prime factors of 93350?
2, 5, 1867
What are the prime factors of 1260935?
5, 13, 19, 1021
List the prime factors of 112807.
112807
List the prime factors of 987098.
2, 7, 70507
What are the prime factors of 6589711?
491, 13421
List the prime factors of 1442210.
2, 5, 7, 11, 1873
What are the prime factors of 7715206?
2, 701, 5503
List the prime factors of 237521.
23, 449
What are the prime factors of 230104?
2, 7, 587
What are the prime factors of 1242926?
2, 71, 8753
What are the prime factors of 2945368?
2, 368171
List the prime factors of 4282439.
7, 23, 67, 397
What are the prime factors of 14918966?
2, 211, 35353
What are the prime factors of 2099667?
3, 109, 6421
List the prime factors of 642910.
2, 5, 239, 269
List the prime factors of 481593.
3, 7, 17, 19, 71
What are the prime factors of 85633?
19, 4507
List the prime factors of 183883.
7, 109, 241
What are the prime factors of 88641?
3, 7, 67
List the prime factors of 18797844.
2, 3, 13, 41, 2939
What are the prime factors of 2591827?
7, 370261
What are the prime factors of 19659804?
2, 3, 587, 2791
What are the prime factors of 519408?
2, 3, 3607
List the prime factors of 937201.
383, 2447
What are the prime factors of 4000297?
7, 571471
What are the prime factors of 13839719?
13839719
What are the prime factors of 1452873?
3, 19, 71, 359
What are the prime factors of 359907?
3, 17, 7057
List the prime factors of 1002366.
2, 3, 233, 239
What are the prime factors of 17469960?
2, 3, 5, 197, 739
List the prime factors of 5937248.
2, 185539
List the prime factors of 287999.
29, 9931
List the prime factors of 3219.
3, 29, 37
What are the prime factors of 218269?
167, 1307
What are the prime factors of 135605?
5, 37, 733
List the prime factors of 66782.
2, 33391
List the prime factors of 289281.
3, 211, 457
What are the prime factors of 392709?
3, 79, 1657
List the prime factors of 9017296.
2, 211, 2671
What are the prime factors of 9883923?
3, 7, 470663
What are the prime factors of 1010022?
2, 3, 13, 23, 563
List the prime factors of 2855413.
11, 259583
List the prime factors of 1046659.
1046659
List the prime factors of 526155.
3, 5, 7, 5011
List the prime factors of 13091497.
13091497
What are the prime factors of 39629?
23, 1723
List the prime factors of 1142536.
2, 17, 31, 271
List the prime factors of 3981007.
109, 36523
What are the prime factors of 287565?
3, 5, 19, 1009
What are the prime factors of 665683?
43, 113, 137
List the prime factors of 87018.
2, 3, 14503
What are the prime factors of 1913125?
5, 3061
What are the prime factors of 3949251?
3, 1316417
What are the prime factors of 853600?
2, 5, 11, 97
What are the prime factors of 3394426?
2, 7, 19, 1823
List the prime factors of 4163705.
5, 7, 13, 9151
List the prime factors of 17778000.
2, 3, 5, 2963
What are the prime factors of 2168399?
2168399
List the prime factors of 114375.
3, 5, 61
What are the prime factors of 51898?
2, 7, 11, 337
What are the prime factors of 4701176?
2, 199, 2953
List the prime factors of 2245001.
11, 409, 499
List the prime factors of 1696266.
2, 3, 11, 13, 659
List the prime factors of 878961.
3, 29, 10103
List the prime factors of 200816.
2, 7, 11, 163
List the prime factors of 3614290.
2, 5, 31, 89, 131
What are the prime factors of 347638?
2, 173819
List the prime factors of 2865140.
2, 5, 143257
List the prime factors of 17614114.
2, 7, 1258151
List the prime factors of 398443.
31, 12853
List the prime factors of 459824.
2, 29, 991
List the prime factors of 9491164.
2, 163, 14557
List the prime factors of 254211.
3, 84737
List the prime factors of 5827116.
2, 3, 485593
What are the prime factors of 252923?
11, 22993
List the prime factors of 831426.
2, 3, 138571
What are the prime factors of 13